{"id":131,"date":"2024-05-09T14:35:07","date_gmt":"2024-05-09T14:35:07","guid":{"rendered":"https:\/\/lovrenovic.at\/?page_id=131"},"modified":"2024-05-11T11:22:50","modified_gmt":"2024-05-11T11:22:50","slug":"ausbildung","status":"publish","type":"page","link":"https:\/\/lovrenovic.at\/?page_id=131","title":{"rendered":"Ausbildung"},"content":{"rendered":"<p>Master of Arts &#8211; Universit\u00e4t f\u00fcr Musik und darstellende Kunst Graz 2023<\/p>\n<p>Bachelor of Arts &#8211; Universit\u00e4t f\u00fcr Musik und darstellende Kunst Graz 2020<\/p>\n<p>Tango Sin Fin Masterclass @ Universit\u00e4t f\u00fcr Musik und darstellende Kunst Graz 2021<\/p>\n<p>Tango Sin Fin Masterclass @ Universit\u00e4t f\u00fcr Musik und darstellende Kunst Graz 2019<\/p>\n<p>In seiner Karriere hat Luka die Ehre gehabt, mit vielen international renommierten K\u00fcnstlern zusammenzuarbeiten, darunter Grzegorz Stopa, Na Song, Georg Schulz, Janne R\u00e4tty\u00e4, Miran Vaupotic, Marjan Krajna, Ivana Cvetkovski, Krasimir Sterev und viele andere.<\/p>\n","protected":false},"excerpt":{"rendered":"<p>Master of Arts &#8211; Universit\u00e4t f\u00fcr Musik und darstellende Kunst Graz 2023 Bachelor of Arts &#8211; Universit\u00e4t f\u00fcr Musik und [&hellip;]<\/p>\n","protected":false},"author":1,"featured_media":0,"parent":0,"menu_order":0,"comment_status":"closed","ping_status":"closed","template":"","meta":{"_monsterinsights_skip_tracking":false,"_monsterinsights_sitenote_active":false,"_monsterinsights_sitenote_note":"","_monsterinsights_sitenote_category":0,"site-sidebar-layout":"default","site-content-layout":"","ast-site-content-layout":"default","site-content-style":"default","site-sidebar-style":"default","ast-global-header-display":"","ast-banner-title-visibility":"","ast-main-header-display":"","ast-hfb-above-header-display":"","ast-hfb-below-header-display":"","ast-hfb-mobile-header-display":"","site-post-title":"","ast-breadcrumbs-content":"","ast-featured-img":"","footer-sml-layout":"","ast-disable-related-posts":"","theme-transparent-header-meta":"default","adv-header-id-meta":"","stick-header-meta":"","header-above-stick-meta":"","header-main-stick-meta":"","header-below-stick-meta":"","astra-migrate-meta-layouts":"set","ast-page-background-enabled":"default","ast-page-background-meta":{"desktop":{"background-color":"var(--ast-global-color-4)","background-image":"","background-repeat":"repeat","background-position":"center center","background-size":"auto","background-attachment":"scroll","background-type":"","background-media":"","overlay-type":"","overlay-color":"","overlay-opacity":"","overlay-gradient":""},"tablet":{"background-color":"","background-image":"","background-repeat":"repeat","background-position":"center center","background-size":"auto","background-attachment":"scroll","background-type":"","background-media":"","overlay-type":"","overlay-color":"","overlay-opacity":"","overlay-gradient":""},"mobile":{"background-color":"","background-image":"","background-repeat":"repeat","background-position":"center center","background-size":"auto","background-attachment":"scroll","background-type":"","background-media":"","overlay-type":"","overlay-color":"","overlay-opacity":"","overlay-gradient":""}},"ast-content-background-meta":{"desktop":{"background-color":"var(--ast-global-color-5)","background-image":"","background-repeat":"repeat","background-position":"center center","background-size":"auto","background-attachment":"scroll","background-type":"","background-media":"","overlay-type":"","overlay-color":"","overlay-opacity":"","overlay-gradient":""},"tablet":{"background-color":"var(--ast-global-color-5)","background-image":"","background-repeat":"repeat","background-position":"center center","background-size":"auto","background-attachment":"scroll","background-type":"","background-media":"","overlay-type":"","overlay-color":"","overlay-opacity":"","overlay-gradient":""},"mobile":{"background-color":"var(--ast-global-color-5)","background-image":"","background-repeat":"repeat","background-position":"center center","background-size":"auto","background-attachment":"scroll","background-type":"","background-media":"","overlay-type":"","overlay-color":"","overlay-opacity":"","overlay-gradient":""}},"footnotes":""},"class_list":["post-131","page","type-page","status-publish","hentry"],"aioseo_notices":[],"_links":{"self":[{"href":"https:\/\/lovrenovic.at\/index.php?rest_route=\/wp\/v2\/pages\/131","targetHints":{"allow":["GET"]}}],"collection":[{"href":"https:\/\/lovrenovic.at\/index.php?rest_route=\/wp\/v2\/pages"}],"about":[{"href":"https:\/\/lovrenovic.at\/index.php?rest_route=\/wp\/v2\/types\/page"}],"author":[{"embeddable":true,"href":"https:\/\/lovrenovic.at\/index.php?rest_route=\/wp\/v2\/users\/1"}],"replies":[{"embeddable":true,"href":"https:\/\/lovrenovic.at\/index.php?rest_route=%2Fwp%2Fv2%2Fcomments&post=131"}],"version-history":[{"count":4,"href":"https:\/\/lovrenovic.at\/index.php?rest_route=\/wp\/v2\/pages\/131\/revisions"}],"predecessor-version":[{"id":200,"href":"https:\/\/lovrenovic.at\/index.php?rest_route=\/wp\/v2\/pages\/131\/revisions\/200"}],"wp:attachment":[{"href":"https:\/\/lovrenovic.at\/index.php?rest_route=%2Fwp%2Fv2%2Fmedia&parent=131"}],"curies":[{"name":"wp","href":"https:\/\/api.w.org\/{rel}","templated":true}]}}